 divisor of 4763358 and 54?
18
Calculate the greatest common factor of 4016 and 8785.
251
Calculate the greatest common factor of 576 and 34461.
9
What is the greatest common factor of 243 and 14517?
9
Calculate the greatest common divisor of 467464 and 5112.
568
What is the greatest common factor of 172 and 3462962?
86
What is the greatest common divisor of 28 and 65030?
14
Calculate the greatest common divisor of 809802 and 126.
126
Calculate the greatest common divisor of 30 and 137415.
15
Calculate the highest common factor of 17955 and 3305715.
1995
What is the highest common factor of 286029 and 14823?
549
What is the highest common factor of 253 and 9798?
23
Calculate the greatest common divisor of 2144 and 22177.
67
Calculate the greatest common divisor of 784703 and 1581.
527
Calculate the highest common factor of 4293 and 211491.
81
What is the highest common factor of 2443 and 49?
7
What is the highest common factor of 1387 and 95?
19
What is the highest common divisor of 3232 and 17271?
101
What is the greatest common factor of 1638 and 19539?
117
What is the greatest common divisor of 9291 and 171?
57
Calculate the highest common factor of 1634 and 22274.
86
Calculate the highest common divisor of 324 and 42948.
36
What is the greatest common divisor of 7451 and 3?
1
Calculate the greatest common divisor of 3200 and 115.
5
Calculate the greatest common factor of 416 and 16419.
13
Calculate the highest common divisor of 8 and 2307464.
8
Calculate the highest common factor of 1261 and 1456.
13
Calculate the greatest common factor of 247 and 481403.
247
Calculate the highest common factor of 234945 and 621.
207
Calculate the greatest common factor of 681512 and 52.
52
What is the highest common divisor of 1027383 and 174?
87
Calculate the greatest common factor of 683 and 3455297.
683
What is the highest common divisor of 289 and 69955?
17
What is the greatest common factor of 46365 and 16017?
843
Calculate the greatest common divisor of 38945 and 25.
5
What is the greatest common factor of 51939 and 36?
9
What is the highest common divisor of 11165 and 7315?
385
What is the highest common divisor of 2560 and 53712?
16
What is the highest common factor of 4010 and 10?
10
What is the highest common factor of 41625 and 18625?
125
Calculate the highest common divisor of 256 and 1311104.
128
Calculate the highest common factor of 595 and 15771.
7
Calculate the highest common divisor of 6136 and 632.
8
Calculate the highest common factor of 5070 and 8710.
130
Calculate the highest common factor of 2520 and 52056.
72
Calculate the highest common divisor of 5844 and 11244.
12
Calculate the highest common factor of 73 and 287328.
73
Calculate the greatest common divisor of 9 and 6668.
1
What is the highest common divisor of 7316 and 12524?
124
Calculate the highest common divisor of 2035 and 4015.
55
Calculate the highest common divisor of 53142 and 34.
34
What is the highest common divisor of 859794 and 1359?
453
Calculate the highest common factor of 40 and 1650.
10
What is the greatest common divisor of 369094 and 1083?
19
Calculate the greatest common divisor of 79268 and 7.
7
Calculate the highest common factor of 124887 and 2793.
399
What is the greatest common factor of 9 and 1094?
1
What is the greatest common divisor of 661604 and 1737?
193
Calculate the highest common factor of 204 and 33609.
51
What is the greatest common factor of 364 and 116740?
52
What is the greatest common factor of 424130 and 1314?
146
What is the highest common divisor of 31392 and 40875?
327
Calculate the greatest common divisor of 365 and 13213.
73
Calculate the greatest common divisor of 784 and 609.
7
What is the highest common divisor of 191586 and 185?
37
Calculate the greatest common factor of 581457 and 101.
101
Calculate the greatest common factor of 2634615 and 254.
127
What is the highest common factor of 2390 and 768624?
478
Calculate the greatest common divisor of 2782 and 25844.
26
Calculate the greatest common divisor of 100674 and 46342.
1598
Calculate the greatest common divisor of 293997 and 10419.
453
What is the greatest common divisor of 22794 and 65238?
786
What is the greatest common factor of 8236 and 348?
116
Calculate the greatest common divisor of 15247 and 77779.
193
Calculate the highest common factor of 103790 and 42098.
194
What is the highest common factor of 39510 and 11340?
90
Calculate the highest common divisor of 244408 and 4237.
223
What is the highest common divisor of 288 and 215312?
16
What is the greatest common divisor of 1172 and 40?
4
What is the greatest common factor of 2773 and 6785?
59
Calculate the highest common factor of 20 and 57315.
5
Calculate the greatest common divisor of 75 and 307185.
15
Calculate the greatest common divisor of 25 and 20115.
5
Calculate the highest common divisor of 16933 and 2009.
287
Calculate the greatest common factor of 228 and 16720.
76
What is the greatest common divisor of 3408 and 21?
3
Calculate the greatest common factor of 546231 and 21.
21
What is the highest common factor of 2436 and 16800?
84
What is the highest common factor of 205 and 1000?
5
What is the greatest common divisor of 3498 and 12?
6
What is the highest common divisor of 7572 and 84?
12
Calculate the greatest common factor of 12670 and 383901.
1267
Calculate the highest common factor of 12 and 327291.
3
What is the highest common factor of 210 and 4298?
14
Calculate the highest common divisor of 225 and 156525.
75
Calculate the highest common divisor of 98978 and 484.
242
What is the highest common factor of 1400 and 2150?
50
What is the greatest common factor of 27720 and 35145?
495
Calculate the highest common divisor of 87 and 418151.
29
What is the greatest common divisor of 3726 and 151938?
414
What is the greatest common divisor of 53039 and 28?
7
Calculate the highest common divisor of 7920 and 744.
24
What is the greatest common divisor of 22540 and 1840?
460
Calculate the greatest common divisor of 123497 and 309.
103
Calculate the highest common factor of 231283 and 169.
13
What is the greatest common divisor of 10506 and 29046?
618
What is the highest common divisor of 59440 and 240?
80
Calculate the highest common divisor of 100145 and 25.
5
Calculate the greatest common factor of 52949 and 13.
13
Calculate the greatest common factor of 35 and 1160481.
7
What is the greatest common divisor of 1034 and 123563?
517
Calculate the highest common divisor of 4510 and 101680.
410
What is the highest common divisor of 384 and 543?
3
Calculate the greatest common factor of 638 and 5162.
58
What is the greatest common divisor of 156 and 966498?
78
Calculate the highest common divisor of 29743665 and 1145.
1145
What is the greatest common divisor of 525 and 5385?
15
What is the greatest common divisor of 2108 and 228284?
124
What is the highest common factor of 225 and 7821?
9
What is the greatest common divisor of 230 and 190370?
10
Calculate the greatest common divisor of 85231 and 58.
29
Calculate the highest common factor of 1725 and 368.
23
What is the highest common divisor of 106455 and 17625?
705
Calculate the highest common factor of 19482 and 2040.
102
What is the highest common divisor of 81 and 353?
1
Calculate the highest common divisor of 15 and 6091.
1
Calculate the greatest common divisor of 52 and 295919.
13
What is the greatest common factor of 172 and 209324?
172
Calculate the highest common divisor of 51 and 379083.
51
What is the highest common factor of 42 and 167433?
21
Calculate the greatest common divisor of 2999140 and 340.
340
Calculate the greatest common divisor of 4872 and 46704.
168
Calculate the greatest common factor of 8 and 221528.
8
Calculate the greatest common divisor of 15 and 301935.
15
Calculate the highest common factor of 2175 and 204015.
435
What is the greatest common factor of 281409 and 266?
19
Calculate the greatest common divisor of 6434 and 38.
2
What is the highest common factor of 54944 and 1212?
404
Calculate the highest common divisor of 4533 and 57.
3
What is the greatest common divisor of 763 and 2954?
7
What is the highest common divisor of 63 and 24786?
9
Calculate the highest common factor of 23791 and 10989.
37
What is the highest common f